{"id":200,"date":"2018-02-18T18:36:14","date_gmt":"2018-02-19T00:36:14","guid":{"rendered":"http:\/\/www.agricolaintegral.bio\/?page_id=200"},"modified":"2018-02-18T18:36:14","modified_gmt":"2018-02-19T00:36:14","slug":"porcicultura","status":"publish","type":"page","link":"https:\/\/www.agricolaintegral.com\/?page_id=200","title":{"rendered":"Porcicultura"},"content":{"rendered":"<p>Las Soluciones Naturales\u00ae, son ayudantes invaluables en las granjas de cerdos, son\u00a0sumamente econ\u00f3micas, seguras, f\u00e1cil de usar, de alta calidad, y produce resultados sustentables en el control de malos olores, en la higienizaci\u00f3n, en el manejo de los residuos, en la reducci\u00f3n de costos y en el aumento de la productividad del plantel de animales.<\/p>\n<h2>USO EN EL AGUA Y ALIMENTACI\u00d3N<\/h2>\n<p>El uso del Vitalit\u00ae en el agua ofrecida a los cerdos es una de las maneras m\u00e1s simples de usar la tecnolog\u00eda. Cuando se usan tanques o reservorios para el almacenamiento del agua, el Vitalit\u00ae puede ser simplemente diluido ah\u00ed mismo.<br \/>\nEs importante mencionar que el Vitalit\u00ae no es compatible con cloro y sulfato de plata, generalmente usados para la purificaci\u00f3n del agua. En este caso, si el agua es previamente tratada con un de estos qu\u00edmicos, el Vitalit\u00ae no tendr\u00e1 efecto, ya que los microorganismos ben\u00e9ficos son eliminados con estas sustancias.<\/p>\n<h4>Modo de usar y consideraciones<\/h4>\n<p>\u2022\u00a0\u00a0\u00a0 1 Lt de Vitalit\u00ae para cada 1.000 Lt de agua.<br \/>\n\u2022\u00a0\u00a0\u00a0 Apenas diluir el Vitalit\u00ae en el tanque o reservorio y mantener esa diluci\u00f3n manualmente o con un dosificador.<br \/>\n\u2022\u00a0\u00a0\u00a0 El agua con el Vitalit\u00ae deber\u00e1 ser suplida diariamente en la rutina de la granja.<br \/>\nA trav\u00e9s de una simple pulverizaci\u00f3n o fermentaci\u00f3n de los componentes alimenticios ofrecidos a los cerdos, es posible mejorar la disponibilidad de los nutrientes presentes, haciendo mucho m\u00e1s eficiente la nutrici\u00f3n. Ofreciendo diariamente apenas una peque\u00f1a porci\u00f3n fermentada junto con la alimentaci\u00f3n, es posible mejorar substancialmente los \u00edndices productivos de la granja.<br \/>\nEl Vitalit\u00ae podr\u00e1 ser usado de dos maneras en la alimentaci\u00f3n, por la fermentaci\u00f3n directa de alg\u00fan componente alimenticio o por la aspersi\u00f3n directa sobre el concentrado o raci\u00f3n.<\/p>\n<h4>Modo de usar y consideraciones<\/h4>\n<p>\u2022\u00a0\u00a0\u00a0 Para la aspersi\u00f3n directa, prepare un soluci\u00f3n con 1 Lt de Vitalit\u00ae diluido en 100 Lt de agua y pulverizar diariamente en la raci\u00f3n o concentrado durante todo el ciclo de producci\u00f3n.<br \/>\n\u2022\u00a0\u00a0\u00a0 Para la fermentaci\u00f3n del alimento, se usa de 0,5Lt a 1 Lt de Vitalit\u00ae para 10 Kg de concentrado o cualquier otro componente de la raci\u00f3n.<br \/>\n\u2022\u00a0 \u00a0 \u00daselo diariamente en la dosis de 1% a 3% del total del alimento ofrecido.<\/p>\n<h4>Beneficios<\/h4>\n<p>\u2022\u00a0\u00a0\u00a0 Mejora microbiol\u00f3gicamente la calidad del agua, enriqueci\u00e9ndola con sustancias ben\u00e9ficas (amino\u00e1cidos, vitaminas y enzimas).<br \/>\n\u2022\u00a0\u00a0\u00a0 Ayuda a eliminar el mal olor de las excretas.<br \/>\n\u2022\u00a0\u00a0\u00a0 Ayuda a equilibrar la micro flora intestinal de los cerdos, consecuentemente, mejora la conversi\u00f3n alimentar y la ganancia de peso por el aumento de la asimilaci\u00f3n de nutrientes. Esto porque los microorganismos como Lactobacillus e Saccharomyces han sido usados como probioticos con mucho suceso en la producci\u00f3n animal.<br \/>\n\u2022\u00a0\u00a0\u00a0 Disminuye la producci\u00f3n de metano estomacal, y consecuentemente, los animales se alimentan mejor.<br \/>\n\u2022\u00a0\u00a0\u00a0 Reduce el uso de antibi\u00f3ticos.<br \/>\n\u2022\u00a0\u00a0\u00a0 Disminuye el aparecimiento de diarreas.<br \/>\n\u2022\u00a0\u00a0\u00a0 Disminuye el \u00edndice de mortalidad.<br \/>\nSe ha comprobado que los mejores resultados se obtienen cuando se aplican integralmente los 3 m\u00e9todos descritos encima. Sin embargo, es posible obtener los beneficios del Vitalit\u00ae y resultados positivos aunque sea solo aplicando uno de los m\u00e9todos.<\/p>\n<h2>LIMPIEZA DE INSTALACIONES Y CONTROL DE MALOS OLORES<\/h2>\n<p>El Vitalit\u00ae podr\u00e1 ser diluido en los tanques que almacenan el agua de limpieza o de nebulizaci\u00f3n de las instalaciones, o simplemente pulverizado de forma manual para realizar la higienizaci\u00f3n y control del mal olor en las instalaciones.<\/p>\n<h4>Modo de usar y consideraciones<\/h4>\n<p>\u2022\u00a0\u00a0\u00a0 Si es usado en el agua de limpieza o en la nebulizaci\u00f3n, se usa 1 Lt de Vitalit\u00ae para cada 50 Lt de agua. Apenas diluya el Vitalit\u00ae en el tanque, manteniendo la diluci\u00f3n de 1 para 50 Lt todas las veces que renovar el agua del tanque. Se puede usar en este caso un dosificador. Use el agua diariamente en las actividades rutineras de la granja.<br \/>\n\u2022\u00a0\u00a0\u00a0 Si es usado en la pulverizaci\u00f3n directa, se usa 1 Lt de Vitalit\u00ae en 19 Lt de agua para cada 300 m\u00b2 de instalaci\u00f3n. Realizar una pulverizaci\u00f3n diaria de las instalaciones donde est\u00e1n los cerdos y en los alrededores durante 2 semanas seguidas. Una vez que desaparezcan los olores, pulverizar 3 veces por semana hasta el final del ciclo productivo. Si los olores vuelven a aparecer, se deber\u00e1 realizar aplicaciones diarias nuevamente por una semana m\u00e1s.<\/p>\n<p>Las pulverizaciones diarias tienen como objetivo establecer las poblaciones de los<br \/>\nmicroorganismos eficaces en las excretas y en la lamina de agua, impidiendo la proliferaci\u00f3n de otros microorganismos que pudran la materia org\u00e1nica, causan el mal olor y enfermedades.<\/p>\n<h4>Beneficios<\/h4>\n<p>\u2022\u00a0\u00a0\u00a0 Promueve significativamente la reducci\u00f3n del mal olor de las instalaciones.<br \/>\n\u2022\u00a0\u00a0\u00a0 Reduce la presencia de moscas y otros insectos.<br \/>\n\u2022\u00a0\u00a0\u00a0 Inocula directamente el sistema de biodigestor, caso haya en la granja.<br \/>\n\u2022\u00a0\u00a0\u00a0 Ayuda a obtener residuos de excelente calidad que pueden ser usados como abono.<br \/>\n\u2022\u00a0\u00a0\u00a0 Es de bajo costo.<br \/>\n\u2022\u00a0\u00a0\u00a0 Es una alternativa sin impactos ambientales, adem\u00e1s de reducir el uso de productos qu\u00edmicos.<br \/>\n\u2022\u00a0\u00a0\u00a0 Promueve una buena relaci\u00f3n del productor con los vecinos.<\/p>\n<h4>Manejo de residuos org\u00e1nicos<\/h4>\n<p>Vitalit\u00ae podr\u00e1 ser usado para fermentar r\u00e1pidamente, y sin mal olor, todos los excrementos s\u00f3lidos. El proceso de elaboraci\u00f3n del Compost con el Vitalit\u00ae dura apenas entre 4 a 6 semanas, y el proceso es totalmente simple, inodoro, barato, y el resultado final es un abono de alta calidad que podr\u00e1 ser secado y empacado para su comercializaci\u00f3n.<br \/>\nModo de usar y consideraciones<br \/>\n\u2022\u00a0\u00a0\u00a0 Generalmente 18 Lt de agua son suficientes para pulverizar 1m\u00b3 de material a ser compostado. Diluya 1 Lt de Vitalit\u00ae en 18 Lt de agua.<br \/>\n\u2022\u00a0\u00a0\u00a0 Si las part\u00edculas de los residuos son muy grandes, triture el material. Esto acelera el proceso de compostaje.<br \/>\n\u2022\u00a0\u00a0\u00a0 Si es posible, agregar a la mezcla cal virgen o yeso, en la proporci\u00f3n de 10Kg por m\u00b3, para ayudar en la retenci\u00f3n del nitr\u00f3geno.<br \/>\n\u2022\u00a0\u00a0\u00a0 En caso de trabajar materiales con exceso de humedad, se recomienda, agregar un 60% de cama de pollo, aserr\u00edn u otro material org\u00e1nico fibroso para ayudar a disminuir la humedad.<br \/>\n\u2022\u00a0\u00a0\u00a0 Mientras mezcla el material, pulverice la soluci\u00f3n de Vitalit\u00ae sobre todo el material para que pueda entrar en contacto con todas las part\u00edculas.<br \/>\n\u2022\u00a0\u00a0\u00a0 Pulverice s\u00f3lo una vez.<br \/>\n\u2022\u00a0\u00a0\u00a0 Forme camas de 1,5m de altura por 3m de ancho para facilitar el manejo del material.<br \/>\n\u2022\u00a0\u00a0\u00a0 Para un mejor compostaje, mantenga una humedad de 40% (un 40% de humedad es \u00f3ptimo cuando al presionar el material con la mano, no escurre agua entre los dedos) y, si es posible, cubra el material con una lona pl\u00e1stica para favorecer la fermentaci\u00f3n.<br \/>\n\u2022\u00a0\u00a0\u00a0 Realice el control de la temperatura y evite que\u00a0 exceda los 60\u00baC. Si la temperatura traspasa este l\u00edmite, realice nuevamente la mezcla del material para bajar la temperatura.<br \/>\n\u2022\u00a0\u00a0\u00a0 Entre 4 y 6 semanas, el abono estar\u00e1 listo para ser utilizado.<br \/>\n\u2022\u00a0\u00a0\u00a0 Si el abono es comercializado o almacenado se debe secar hasta que alcance una humedad inferior a 13%.<br \/>\n\u2022\u00a0\u00a0\u00a0 La dosis de aplicaci\u00f3n del abono en el campo es de 1kg por m\u00b2.<\/p>\n<h4>Beneficios<\/h4>\n<p>\u2022\u00a0\u00a0\u00a0 Acelera el proceso de fermentaci\u00f3n de los residuos org\u00e1nicos, en un lapso de 4 a 6 semanas.<br \/>\n\u2022\u00a0\u00a0\u00a0 Aumenta la disponibilidad de los nutrientes contenidos en los residuos org\u00e1nicos, principalmente Nitr\u00f3geno y F\u00f3sforo.<br \/>\n\u2022\u00a0\u00a0\u00a0 Acelera la conversi\u00f3n da materia org\u00e1nica en humus.<br \/>\n\u2022\u00a0\u00a0\u00a0 Enriquece el compost con microorganismos ben\u00e9ficos.<br \/>\n\u2022\u00a0\u00a0\u00a0 Reduce el costo de transporte de los residuos para el campo, ya que disminuye el volumen.<br \/>\n\u2022\u00a0\u00a0\u00a0 El proceso de compostaje es inodoro y sin presencia de insectos.<br \/>\n\u2022\u00a0\u00a0\u00a0 Optimiza el espacio f\u00edsico necesario para el compostaje y, consecuentemente, disminuye el uso de infraestructura.<\/p>\n<h2>TRATAMIENTO DE EFLUENTES<\/h2>\n<p>Una de las mejores herramientas para el tratamiento natural de los efluentes de la granja de cerdos es el Vitalit\u00ae. El uso del Vitalit\u00ae evita la construcci\u00f3n de instalaciones caras y de altos costos de mantenimiento para el tratamiento de los efluentes, al paso que disminuye el estr\u00e9s del plantel y de los trabajadores, ya que no inhalaran gases nocivos a la salud y estar\u00e1n libres del mal olor.<\/p>\n<h4>Modo de usar y consideraciones<\/h4>\n<p>Para lagunas y tanques de sedimentaci\u00f3n, aireados o no, seguir el siguiente esquema de aplicaciones:<\/p>\n<p>\u2022\u00a0\u00a0\u00a0 Tratamiento de choque: Primero mes \u2013 3 aplicaciones semanales de 1 Lt de Vitalit\u00ae para cada 500 o 1.000 Lt de efluente, dependiendo de la concentraci\u00f3n de materia org\u00e1nica.<br \/>\n\u2022\u00a0\u00a0\u00a0 Se al terminar el mes no hay resultados significativos repetir el tratamiento por un mes m\u00e1s.<br \/>\n\u2022\u00a0\u00a0\u00a0 Realizar el mantenimiento del sistema aplicando semanalmente 1 Lt de Vitalit\u00ae para cada 1.000 Lt de efluente, con base en la carga diaria del sistema.<\/p>\n<h4>Beneficios<\/h4>\n<p>\u2022\u00a0\u00a0\u00a0 Reduce eficazmente el mal olor del sistema.<br \/>\n\u2022\u00a0\u00a0\u00a0 Digiere r\u00e1pidamente la materia org\u00e1nica, y consecuentemente reduce el DBO y el DQO.<br \/>\n\u2022\u00a0\u00a0\u00a0 Reduce eficientemente los gases nocivos como amon\u00edaco, hidr\u00f3geno sulfh\u00eddrico, y el metil-mercaptano.<br \/>\n\u2022\u00a0\u00a0\u00a0 Evita la construcci\u00f3n de sistemas caros y de altos costos de mantenimiento para el tratamiento de los efluentes.<br \/>\n\u2022\u00a0\u00a0\u00a0 Incrementa la producci\u00f3n y purifica el gas metano en los biodigestores.<\/p>\n","protected":false},"excerpt":{"rendered":"<p>Las Soluciones Naturales\u00ae, son ayudantes invaluables en las granjas de cerdos, son\u00a0sumamente econ\u00f3micas, seguras, f\u00e1cil de usar, de alta calidad, y produce resultados sustentables en el control de malos olores, en la higienizaci\u00f3n, en el manejo de los residuos, en la reducci\u00f3n de costos y en el aumento de la productividad del plantel de animales.<a href=\"https:\/\/www.agricolaintegral.com\/?page_id=200\">[&#8230;]<\/a><\/p>\n","protected":false},"author":1,"featured_media":158,"parent":0,"menu_order":0,"comment_status":"closed","ping_status":"closed","template":"","meta":{"footnotes":""},"class_list":["post-200","page","type-page","status-publish","has-post-thumbnail","hentry"],"_links":{"self":[{"href":"https:\/\/www.agricolaintegral.com\/index.php?rest_route=\/wp\/v2\/pages\/200","targetHints":{"allow":["GET"]}}],"collection":[{"href":"https:\/\/www.agricolaintegral.com\/index.php?rest_route=\/wp\/v2\/pages"}],"about":[{"href":"https:\/\/www.agricolaintegral.com\/index.php?rest_route=\/wp\/v2\/types\/page"}],"author":[{"embeddable":true,"href":"https:\/\/www.agricolaintegral.com\/index.php?rest_route=\/wp\/v2\/users\/1"}],"replies":[{"embeddable":true,"href":"https:\/\/www.agricolaintegral.com\/index.php?rest_route=%2Fwp%2Fv2%2Fcomments&post=200"}],"version-history":[{"count":2,"href":"https:\/\/www.agricolaintegral.com\/index.php?rest_route=\/wp\/v2\/pages\/200\/revisions"}],"predecessor-version":[{"id":202,"href":"https:\/\/www.agricolaintegral.com\/index.php?rest_route=\/wp\/v2\/pages\/200\/revisions\/202"}],"wp:featuredmedia":[{"embeddable":true,"href":"https:\/\/www.agricolaintegral.com\/index.php?rest_route=\/wp\/v2\/media\/158"}],"wp:attachment":[{"href":"https:\/\/www.agricolaintegral.com\/index.php?rest_route=%2Fwp%2Fv2%2Fmedia&parent=200"}],"curies":[{"name":"wp","href":"https:\/\/api.w.org\/{rel}","templated":true}]}}